late u(-14).
24
Let v(k) = k**2 - 8*k + 8. Determine v(6).
-4
Let n(s) = -s**2 - 12*s + 27. Calculate n(-12).
27
Let s(h) = 13*h**3 - 2*h - 1. What is s(-1)?
-12
Let a(q) = 17*q**3 + q**2 - q + 1. What is a(1)?
18
Let a(z) = 3*z**2 - 108. What is a(6)?
0
Let o(y) = y**2 + 15*y + 55. Calculate o(-16).
71
Let x(u) = -3*u + 1. Calculate x(-25).
76
Let h(l) = -2*l**3 + 11*l**2 - 3*l - 14. Give h(5).
-4
Let m(g) = g**3 + 6*g**2 + 6. Calculate m(-6).
6
Let l(o) = 2*o**2 - 4*o + 6. Determine l(3).
12
Let a(m) = 4*m - 23. What is a(6)?
1
Let d(c) = -c**2 + 7*c + 13. Determine d(4).
25
Let d(h) = -3*h**2 + 9*h + 5. What is d(4)?
-7
Let c(u) = -9*u - 3. Determine c(-4).
33
Let l(p) = p**2 - 2*p - 2. Calculate l(-2).
6
Let j(y) = -3*y**2 + 16*y + 3. Give j(5).
8
Let f(c) = c**3 - c**2 - 6. Determine f(0).
-6
Let r(f) = 3*f**2 - f - 7. What is r(3)?
17
Let b(z) = -2*z**2 + 21*z + 1. What is b(12)?
-35
Let y(f) = 29*f - 2. Calculate y(-1).
-31
Let k(w) = -7*w**3 - w - 2. What is k(-1)?
6
Let h(p) = 2*p**2 - 2*p + 25. Determine h(6).
85
Let h(p) = -34*p + 207. Determine h(6).
3
Let q(a) = 2*a**2 + 4*a - 2. Calculate q(-4).
14
Let y(p) = 3*p - 23. Determine y(6).
-5
Let h(f) = -4*f - 18. Calculate h(-6).
6
Let q(t) = 2*t**2 - 23*t - 8. Determine q(12).
4
Let j(h) = 2*h**2 - 1. Calculate j(-3).
17
Let x(u) = -5*u + 46. What is x(8)?
6
Let o(k) = -k - 8. Give o(-13).
5
Let p(m) = -2*m**2 + m + 3. Determine p(4).
-25
Let r(h) = 28*h + 5. What is r(1)?
33
Let c(z) = 54*z + 1. What is c(1)?
55
Let g(j) = -j**3 - j**2 + 25. Give g(0).
25
Let c(x) = x**3 - 5*x**2 + 13. Determine c(5).
13
Let w(o) = 2*o**3 + 3*o**2 + 2*o - 2. Calculate w(-3).
-35
Let h(d) = -d - 8. What is h(-9)?
1
Let l(c) = -c**3 - 5*c**2 + 3*c + 17. What is l(-5)?
2
Let w(v) = v - 2. Determine w(4).
2
Let n(s) = -24*s + 112. Determine n(6).
-32
Let z(o) = -8*o - 3. What is z(-2)?
13
Let z(y) = -y**2 + 4*y + 4. Calculate z(3).
7
Let f(x) = -x**2 + 3*x + 10. Determine f(5).
0
Let i(p) = -2*p**2 - 5*p + 7. Calculate i(-5).
-18
Let w(t) = 93*t + 479. Calculate w(-5).
14
Let o(c) = c**2 - 10*c - 16. Give o(11).
-5
Let o(k) = -9*k**2 + 7*k - 8. What is o(1)?
-10
Let g(t) = -t. What is g(5)?
-5
Let j(g) = -g**2 - 4*g + 2. What is j(-7)?
-19
Let u(k) = -k**3 - 63*k**2 - 63*k - 73. What is u(-62)?
-11
Let f(p) = -2*p + 33. Determine f(19).
-5
Let b(z) = -z**3 - 9*z**2 - z - 8. Calculate b(-9).
1
Let g(p) = -p**3 + 4*p**2 + 4*p + 8. Calculate g(5).
3
Let d(t) = -t**3 + 4*t**2 + 10*t + 10. What is d(6)?
-2
Let o(k) = -10*k - 6. Give o(-10).
94
Let b(i) = 3*i - 19. What is b(4)?
-7
Let a(n) = -n - 6. Calculate a(0).
-6
Let u(m) = -m**3 + 10*m**2 + 11*m + 16. Determine u(11).
16
Let m(c) = -c**2 + 32*c - 44. Calculate m(29).
43
Let h(y) = y**2 + 8*y - 10. Determine h(-8).
-10
Let s(o) = -o**3 - 8*o**2 + 9*o + 5. What is s(-9)?
5
Let v(s) = -s**3 + 13*s**2 - 12*s. Calculate v(12).
0
Let c(d) = -3*d**2 + 33*d - 52. Calculate c(9).
2
Let m(c) = -2*c + 110. What is m(40)?
30
Let h(c) = -2*c**3 + 20*c**2 + 3*c - 17. Give h(10).
13
Let o(x) = x**3 - 2*x**2 + 3*x - 2. What is o(2)?
4
Let i(b) = b**3 - 15*b**2 + 13*b + 18. What is i(14)?
4
Let c(j) = 2*j**2 - j + 2. What is c(3)?
17
Let i(a) = a**3 + 18*a**2 + 16*a - 12. Give i(-17).
5
Let l(b) = -12*b**2 - 1. Give l(-2).
-49
Let c(z) = 2*z**2 + 15*z + 10. Calculate c(-10).
60
Let b(w) = w**3 - 12*w**2 + 12*w - 5. What is b(11)?
6
Let z(x) = 3*x**2 - 2*x + 1. What is z(1)?
2
Let s(q) = 5*q**2 - q + 4. Calculate s(-3).
52
Let q(i) = i**3 + 10*i - 2. Calculate q(0).
-2
Let q(i) = 7*i + 34. Calculate q(5).
69
Let y(h) = -h**2 - 20*h + 87. Calculate y(4).
-9
Let n(s) = s**3 + 9*s**2 + 7*s + 2. Calculate n(-8).
10
Let u(l) = l**2 + 8*l - 2. Determine u(-9).
7
Let x(k) = k**3 - 11*k**2 + 4*k + 8. Determine x(10).
-52
Let c(q) = -q - 3. Determine c(4).
-7
Let l(a) = 2*a**2 - 8*a - 5. Give l(6).
19
Let a(i) = 2*i**2 + 19*i + 43. Calculate a(-7).
8
Let x(n) = n**2 - 2*n - 4. What is x(0)?
-4
Let q(o) = -6*o**2 + 10*o - 3. Give q(7).
-227
Let g(h) = -31*h - 65. Calculate g(-2).
-3
Let h(j) = 2*j**2 + 4*j + 2. Calculate h(-2).
2
Let k(j) = -9*j**2 + 17*j - 7. What is k(3)?
-37
Let r(z) = -7*z**2 - 8*z + 15. Calculate r(5).
-200
Let d(j) = j + 5. Determine d(-10).
-5
Let m(y) = -81*y**3 + 2*y**2 - 2*y - 1. What is m(1)?
-82
Let p(f) = -3*f - 17. What is p(-21)?
46
Let h(m) = -23*m - 36. What is h(-2)?
10
Let v(g) = -3*g - 4. Give v(5).
-19
Let s(i) = 11*i + 2. What is s(1)?
13
Let k(a) = -5*a - 14. Calculate k(-11).
41
Let f(o) = o**3 + 18*o**2 - 18*o + 23. Calculate f(-19).
4
Let p(a) = a**3 - 8*a**2 + 5*a + 17. What is p(7)?
3
Let w(z) = -4*z + 5. Determine w(-2).
13
Let h(r) = -r**3 + 11*r**2 + 11*r - 4. Determine h(12).
-16
Let j(o) = -o**3 + 3*o**2 + 3*o - 7. What is j(3)?
2
Let d(j) = -6*j + 34. Calculate d(7).
-8
Let y(n) = n**2 + 13*n + 40. Determine y(-3).
10
Let r(y) = y**2 + 27*y + 130. Calculate r(-17).
-40
Let g(a) = 14*a**2 - 4*a + 5. Determine g(1).
15
Let w(q) = 5*q + 10. Determine w(-6).
-20
Let f(q) = -q - 24. What is f(-8)?
-16
Let g(h) = 3*h - 5. Give g(13).
34
Let n(h) = -h**2 - 23*h + 69. Give n(-27).
-39
Let j(s) = s**2 - 2*s - 11. Give j(-8).
69
Let q(h) = h**2 + 5*h + 4. Give q(-6).
10
Let u(a) = -2*a + 4. What is u(-11)?
26
Let i(j) = -j**2 - 3*j + 42. What is i(-8)?
2
Let b(d) = 3*d**3 - 2*d**2 - 2*d. Calculate b(2).
12
Let r(f) = -6*f - 18. Give r(-4).
6
Let z(x) = -x - 12. Calculate z(0).
-12
Let n(o) = -7*o + 17. Give n(1).
10
Let j(h) = -4*h + 177. Give j(45).
-3
Let v(z) = -z**2 - 12*z - 2. Calculate v(-13).
-15
Let f(k) = k**3 + 17*k**2 - 16*k + 12. Calculate f(-18).
-24
Let h(k) = k**3 - 11*k**2 - 16*k + 42. Give h(12).
-6
Let n(q) = q**3 + 10*q**2 + 12*q + 12. What is n(-8)?
44
Let w(m) = m**2 + 13*m - 270. What is w(11)?
-6
Let a(i) = -55*i + 9. Calculate a(-2).
119
Let i(j) = 14*j - 168. Determine i(12).
0
Let g(f) = -f + 19. Determine g(-23).
42
Let j(b) = -b**3 - 4*b**2 - b + 6. Calculate j(-2).
0
Let y(a) = 2*a**2 + 3*a + 3. What is y(-3)?
12
Let b(y) = -y + 43. Give b(-7).
50
Let n(d) = -25*d - 20. Give n(2).
-70
Let n(k) = 7*k + 13. Determine n(-6).
-29
Let q(a) = -a + 3. What is q(4)?
-1
Let c(t) = 2*t**3 + t**2 - 28. What is c(0)?
-28
Let k(s) = s**2 + 13*s - 21. What is k(-16)?
27
Let o(t) = -t**3 - 15*t**2 - 3*t - 47. What is o(-15)?
-2
Let k(g) = g**2 + 4*g + 4. What is k(-3)?
1
Let k(a) = 3*a + 17. Determine k(-7).
-4
Let r(w) = -16*w + 185. Determine r(12).
-7
Let d(r) = r. Calculate d(-3).
-3
Let w(r) = -r**3 - 7*r**2 - 11*r + 2. Give w(-5).
7
Let o(q) = 2*q - 8. Calculate o(7).
6
Let w(n) = n**2 + 3*n - 4. What is w(-6)?
14
Let f(j) = j**2 - 2*j - 6. Calculate f(7).
29
Let k(l) = l**3 - 4*l**2 - 6*l + 4. Give k(4).
-20
Let v(s) = s**2 - 19*s + 76. Give v(19).
76
Let x(w) = -w**3 - 7*w**2 + 4*w - 6. Determine x(-7).
-34
Let h(s) = -35*s - 314. What is h(-9)?
1
Let n(s) = 5*s**2 + s - 1. Calculate n(1).
5
Let u(f) = -f**2 + 18*f - 22. Give u(16).
10
Let o(c) = c + 11. What is o(-3)?
8
Let d(t) = -3*t - 33. Determine d(-16).
15
Let u(v) = v + 3. What is u(-2)?
1
Let i(b) = -b**3 - 6*b**2 + 7*b - 10. Give i(-7).
-10
Let d(w) = -w**3 - 7*w**2 - 3*w + 8. Determine d(-6).
-10
Let r(i) = -i + 6. Calculate r(15).
-9
Let o(k) = 11*k + 62. Calculate o(-6).
-4
Let p(a) = 9*a - 7. Determine p(3).
20
Let k(d) = -d**3 - 7*d**2 - 8*d - 14. What is k(-4)?
-30
Let t(p) = -p + 17. Determine t(-7).
24
Let y(p) = p**2 - 8*p + 18. Calculate y(6).
6
Let w(x) = x**2 + 13*x + 19. Give w(-12).
7
Let t(w) = 15*w + 6. Calculate t(-2).
-24
Let x(s) = -s**2 - 7*s + 15. Calculate x(-14).
-83
Let a(s) = -4*s**2 + 35*s - 23. Calculate a(8).
1
Let y(m) = 24*m + 4. Give y(0).
4
Let x(u) = -2*u - 5. Give x(-4).
3
Let d(o) = -o**3 + 6*o**2 - 4*o - 1. Give d(5).
4
Let b(p) = p**3 - 8*p**2 - 19*p - 6. Determine b(10).
4
Let s(l) = -l**3 - 2*l - 4. Calculate s(-2).
8
Let j(f) = -f**3 - 8*f**2 + 8*f - 8. Determine j(-9).
1
Let i(k) = -33*k**2 - 2*k - 4. Give i(-2).
-132
Let v(u) = u**3 + 5*u**2 - 2*u - 9. Calculate v(-4).
15
Let c(b) = b**2 + 10*b + 18. Determine c(-11).
29
Let t(i) = i**2 - 14. Determine t(-9).
67
Let o(f) = f**2 - 21*f + 33. Give o(20).
13
Let f(l) = -16*l + 79. Give f(6).
-17
Let b(k) = -k**2 - 18*k - 8. Determine b(-18).
-8
Let r(b) = 12*b + 8